3, 291 = 3*t + 2*t + 3*o. Suppose l = v - 174, t = v + l - 106. What is the highest common divisor of 68 and v?
34
Let r be (-105)/10*4/(-6). Calculate the highest common factor of 14 and r.
7
Let r = -10 - -16. Suppose r*u + 4*j = 2*u - 8, 5*u = -3*j - 4. Let o(t) = -t**2 + 6*t + 6. Let k be o(5). What is the highest common factor of u and k?
1
Let h(g) = 2*g**2 + g + 3. Let k be h(-3). What is the greatest common factor of 54 and k?
18
Suppose -12 = 4*p, -3*y + 5*p - 6 = -39. Calculate the highest common divisor of 24 and y.
6
Let h be 103 - ((3 - (4 + -1)) + -2). What is the highest common divisor of h and 42?
21
Suppose -a = 5*d + 15, a + d = 5*a - 24. Let p(n) = -n**2 + 6. Let k be p(a). Let l = k - -41. Calculate the greatest common divisor of 55 and l.
11
Let g be ((-13)/2)/(3/6). Let m = g - -21. What is the greatest common factor of m and 12?
4
Let v(l) = l + 4. Let n be v(6). Suppose -70 = -3*c + 20. Calculate the greatest common factor of n and c.
10
Let b(a) = -a**2 - 22*a + 12. Let k be b(-7). What is the greatest common divisor of 13 and k?
13
Let s(j) = -j**2 - 8*j - 7. Let a be s(-7). Suppose -3*g + 45 = -0*n + 2*n, a = -g - 5*n + 15. Let z = g - 0. Calculate the highest common factor of z and 120.
15
Let j be (2/(-4))/((-5)/30). Suppose g = -5*a + 29, 1 - j = -3*g + 2*a. What is the greatest common divisor of g and 4?
4
Let z = 0 - 4. Let x be (-58)/(-8) + 1/z. Calculate the greatest common factor of 28 and x.
7
Suppose -3*s + 14 + 4 = 0. Suppose y = 3, -4*h - 27 = y + s. Let j(v) = -6*v - 12. Let u be j(h). Calculate the highest common factor of 28 and u.
14
Let l(d) = d**2 + 13*d - 8. Let g be l(-16). What is the highest common divisor of g and 16?
8
Let n(q) = q**2 + 7*q - 1. Let y be n(-5). Let m(t) = -4*t - 9. Let i be m(y). Calculate the highest common divisor of 5 and i.
5
Let z = 17 + -3. Suppose 2*a = 5*y - z, -2 + 0 = a. What is the greatest common factor of 5 and y?
1
Suppose 76 = 2*t + 6. Suppose -2*y + 11 = -3*r + 4*r, r - 4*y + 13 = 0. Let i = r + 2. Calculate the highest common divisor of t and i.
5
Let v(g) = g**3 + 3*g**2 - g + 2. Let q be 4/(-14) - 38/14. Let p be v(q). Suppose 0*c = -p*c + 15. Calculate the highest common divisor of c and 12.
3
Suppose 230 = 5*a - 0*a. Let y = -19 + a. Suppose 3*f + 0*f - 54 = 0. Calculate the highest common divisor of y and f.
9
Suppose 5*b - b - 12 = 0. Suppose 0*m = -b*i + 3*m + 63, m - 42 = -2*i. Let j be 189 + (2 - 2)*5/20. What is the greatest common divisor of j and i?
21
Suppose -28*z = -25*z - 60. Let l = 6 - -44. Calculate the highest common divisor of z and l.
10
Let y be (-58)/(-18) + (-2)/9. Suppose 0 = -y*r + 224 + 16. Let a = -37 + 53. Calculate the highest common factor of a and r.
16
Let i(f) = -4*f**3 + 1. Let k be i(-1). Suppose -3*q + k*q - 198 = 0. Calculate the highest common divisor of 9 and q.
9
Let b be (-1 + 5)/((-4)/(-6)). What is the greatest common divisor of 9 and b?
3
Suppose -3 + 1 = -i. Let p(n) = n**2 + 27*n + 11. Let t be p(-11). Let q be (2/(-5))/(3/t). Calculate the greatest common factor of q and i.
2
Suppose p = 4 - 1. What is the greatest common divisor of 33 and p?
3
Let n(h) = 69*h**3 + 2*h**2 - 1. Let u(a) = a**2 + 10*a + 1. Let g be u(-10). Let m be n(g). Let x = 7 - -3. Calculate the highest common factor of x and m.
10
Suppose -6 - 10 = -4*w. Suppose -3*l - w = -5*l. Let p(i) = i**3 + 5*i**2 - 8*i - 6. Let r be p(-6). What is the greatest common divisor of l and r?
2
Suppose 0 = 2*r - 3*r + 18. Calculate the highest common factor of r and 72.
18
Let r be (-848)/(-72) + (-3 - 116/(-36)). Let z(u) = 2*u**2 + 5*u + 6. Let j be z(-4). What is the highest common divisor of j and r?
6
Suppose q = 2 - 4. Let v be 1 - 7*q - 3. Calculate the highest common divisor of 2 and v.
2
Suppose 69 = 2*k + k. What is the highest common divisor of k and 23?
23
Let j be 5 + 5 + (-2 - 0). Calculate the highest common factor of j and 20.
4
Suppose 0 = -2*p - 3*p + 805. What is the highest common divisor of p and 23?
23
Suppose -2*q - 6*l = -4*l - 194, 0 = 2*q + l - 193. What is the greatest common factor of 24 and q?
24
Suppose 3*x + 2*s + 43 = 6*x, -31 = -2*x - s. Let t be 6/(1 + x/(-24)). Calculate the highest common factor of 4 and t.
4
Suppose -4*p = -5*d + 826, 0 = 2*d + 2*d - 3*p - 660. Calculate the greatest common factor of 18 and d.
18
Suppose -6 = g - 3*g. Let t = 4 - g. Suppose c - 3*d - 29 = 0, -t = -c + 2*c + 3*d. What is the greatest common divisor of 14 and c?
14
Let z(w) = w - 8. Let s be z(6). Let k be 1/s*2 + 109. Calculate the highest common factor of 18 and k.
18
Let s be -2 - 38/(2/(-1)). What is the greatest common factor of s and 187?
17
Let u(f) = f**3 - 8*f**2 + 8*f - 9. Let h be u(7). Let d be 1*-4 + 3 + h. Let i = d + 4. Calculate the greatest common factor of 9 and i.
1
Let q(r) = 7*r**3 + 2*r**2 + 7*r - 3. Let z be q(3). Calculate the highest common factor of z and 25.
25
Let a be (-92)/(-20) + (-4)/(-10). Let v(y) = -y**2 + 2*y + 10*y + 3*y + 6 - a*y. Let l be v(10). What is the greatest common divisor of 4 and l?
2
Suppose 5*n + 70 = -5*a, 0 = -a + n - 14. Let j = a - -25. Calculate the greatest common factor of j and 99.
11
Suppose 4*k - k - u - 131 = 0, -4*u = -4. Let r(p) = -p**3 + 7*p**2 - 4*p - 1. Let s be r(6). What is the highest common divisor of s and k?
11
Let c(j) = 2*j - 17. Let x be c(12). Suppose -x = -2*t + 13. Calculate the greatest common divisor of 30 and t.
10
Let u = -348 - -528. Let l(m) = -7*m - 3. Suppose -j = 1 + 2. Let w be l(j). What is the highest common factor of w and u?
18
Let s(r) = r**2 + 6*r - 3. Let g be s(-8). Let y be (-1 + 6)*13/5. Calculate the highest common factor of g and y.
13
Let z = -4 - -6. Suppose -13 = -z*j + 9. Calculate the greatest common divisor of 11 and j.
11
Let d = 54 - 15. What is the highest common factor of 429 and d?
39
Let u = -65 - -125. What is the greatest common divisor of u and 15?
15
Suppose 11 = 4*y - 3*d - 8, -2*d = 2. What is the highest common factor of 2 and y?
2
Suppose 2 = b - 0*b - t, 3*t + 16 = -2*b. Let m be (-4 - b)/2*-21. Let p be (-66)/(-10) + (-4)/(-10). What is the highest common divisor of m and p?
7
Let d(w) = -w + 10. Let s be d(7). Calculate the greatest common divisor of 27 and s.
3
Suppose 6*t - 84 = 3*t. Calculate the highest common divisor of t and 7.
7
Let y(m) = 160*m + 1. Let i be y(1). Suppose 52 = 2*z - 2*t, 83 - 22 = 2*z - 5*t. What is the highest common divisor of z and i?
23
Suppose -4*n + 2*n = -30. What is the greatest common divisor of 45 and n?
15
Suppose -8*n = -5*n - 12. Let i be (n/(-4))/((-2)/18). What is the highest common divisor of 81 and i?
9
Suppose -2*o + 13 = c - 7*o, 4*c - 2*o + 2 = 0. Let g = 4 + c. Calculate the highest common divisor of 16 and g.
2
Let b(a) = 72*a**2 - a. Let o be b(1). Let h = o - 49. What is the greatest common factor of h and 154?
22
Suppose -3*q = q + 56. Let n be (-256)/q - (-4)/(-14). Let f = 1 + 26. Calculate the highest common factor of f and n.
9
Suppose -90 = -0*r - 3*r. Calculate the greatest common divisor of 60 and r.
30
Suppose -3 + 54 = 5*t + 4*n, -2*t - 3*n = -19. Let p be 12/20 - 214/(-10). Calculate the greatest common divisor of t and p.
11
Let d(n) = -n**2 - 14*n + 1. Let w be d(-12). Suppose -3*k + 7*k - 3*s - 55 = 0, 15 = -3*s. Calculate the greatest common divisor of w and k.
5
Let m = -125 - -209. What is the highest common factor of m and 21?
21
Let q = -253 + 67. Let i be (q/15)/(10/(-25)). What is the highest common divisor of i and 279?
31
Let m(j) = -j**2 - 2*j - 2. Let f be m(-4). Let o = 7 + f. Let y be 0 - (o + -3 + 3). Calculate the highest common factor of 3 and y.
3
Suppose 0 = -2*b - 0 + 34. Let x(w) = -w**2 + w + 153. Let s be (-2)/(-8) + (-3)/12. Let i be x(s). Calculate the greatest common factor of b and i.
17
Let a be (-21)/(-14)*(12 - 2). Let y = a + 3. Calculate the greatest common divisor of 2 and y.
2
Let x be 3/(-6) - (-6)/(-4). Let g be 167 + (x - -3) + -3. Calculate the greatest common divisor of 15 and g.
15
Let m = 119 + -74. Suppose 4*q = -20, -m = -3*g - 5*q + 2*q. Let x(u) = u**3 + 4*u**2 + u + 2. Let t be x(-3). Calculate the highest common factor of g and t.
4
Suppose o - 3*u - 126 = -4*o, -4*u + 120 = 4*o. Calculate the highest com